[INFO] cloning repository https://github.com/storyfeet/shogi_cards
[INFO] running `Command { std: "git" "-c" "credential.helper=" "-c" "credential.helper=/workspace/cargo-home/bin/git-credential-null" "clone" "--bare" "https://github.com/storyfeet/shogi_cards" "/workspace/cache/git-repos/https%3A%2F%2Fgithub.com%2Fstoryfeet%2Fshogi_cards", kill_on_drop: false }`
[INFO] [stderr] Cloning into bare repository '/workspace/cache/git-repos/https%3A%2F%2Fgithub.com%2Fstoryfeet%2Fshogi_cards'...
[INFO] running `Command { std: "git" "rev-parse" "HEAD", kill_on_drop: false }`
[INFO] [stdout] 8e07f2321c143b75da36979dbb7cfcafd29f0e05
[INFO] checking storyfeet/shogi_cards against master#af3c6e733a40e671550e0f0f5aeecaa13772ba56 for pr-74989
[INFO] running `Command { std: "git" "clone" "/workspace/cache/git-repos/https%3A%2F%2Fgithub.com%2Fstoryfeet%2Fshogi_cards" "/workspace/builds/worker-3/source", kill_on_drop: false }`
[INFO] [stderr] Cloning into '/workspace/builds/worker-3/source'...
[INFO] [stderr] done.
[INFO] validating manifest of git repo https://github.com/storyfeet/shogi_cards on toolchain af3c6e733a40e671550e0f0f5aeecaa13772ba56
[INFO] running `Command { std: "/workspace/cargo-home/bin/cargo" "+af3c6e733a40e671550e0f0f5aeecaa13772ba56" "read-manifest" "--manifest-path" "Cargo.toml", kill_on_drop: false }`
[INFO] started tweaking git repo https://github.com/storyfeet/shogi_cards
[INFO] removed path dependency clap_conf from git repo https://github.com/storyfeet/shogi_cards
[INFO] removed path dependency mksvg from git repo https://github.com/storyfeet/shogi_cards
[INFO] finished tweaking git repo https://github.com/storyfeet/shogi_cards
[INFO] tweaked toml for git repo https://github.com/storyfeet/shogi_cards written to /workspace/builds/worker-3/source/Cargo.toml
[INFO] crate git repo https://github.com/storyfeet/shogi_cards already has a lockfile, it will not be regenerated
[INFO] running `Command { std: "/workspace/cargo-home/bin/cargo" "+af3c6e733a40e671550e0f0f5aeecaa13772ba56" "fetch" "--locked" "--manifest-path" "Cargo.toml", kill_on_drop: false }`
[INFO] [stderr] warning: dependency (clap_conf) specified without providing a local path, Git repository, or version to use. This will be considered an error in future versions
[INFO] [stderr] warning: dependency (mksvg) specified without providing a local path, Git repository, or version to use. This will be considered an error in future versions
[INFO] [stderr]     Updating crates.io index
[INFO] [stderr] error: the lock file /workspace/builds/worker-3/source/Cargo.lock needs to be updated but --locked was passed to prevent this
[INFO] [stderr] If you want to try to generate the lock file without accessing the network, use the --offline flag.
[INFO] the lockfile is outdated, regenerating it
[INFO] running `Command { std: "/workspace/cargo-home/bin/cargo" "+af3c6e733a40e671550e0f0f5aeecaa13772ba56" "generate-lockfile" "--manifest-path" "Cargo.toml" "-Zno-index-update", kill_on_drop: false }`
[INFO] running `Command { std: "/workspace/cargo-home/bin/cargo" "+af3c6e733a40e671550e0f0f5aeecaa13772ba56" "fetch" "--locked" "--manifest-path" "Cargo.toml", kill_on_drop: false }`
[INFO] [stderr] warning: dependency (clap_conf) specified without providing a local path, Git repository, or version to use. This will be considered an error in future versions
[INFO] [stderr] warning: dependency (mksvg) specified without providing a local path, Git repository, or version to use. This will be considered an error in future versions
[INFO] running `Command { std: "docker" "create" "-v" "/var/lib/crater-agent-workspace/builds/worker-3/target:/opt/rustwide/target:rw,Z" "-v" "/var/lib/crater-agent-workspace/builds/worker-3/source:/opt/rustwide/workdir:ro,Z" "-v" "/var/lib/crater-agent-workspace/cargo-home:/opt/rustwide/cargo-home:ro,Z" "-v" "/var/lib/crater-agent-workspace/rustup-home:/opt/rustwide/rustup-home:ro,Z" "-e" "SOURCE_DIR=/opt/rustwide/workdir" "-e" "CARGO_TARGET_DIR=/opt/rustwide/target" "-e" "CARGO_HOME=/opt/rustwide/cargo-home" "-e" "RUSTUP_HOME=/opt/rustwide/rustup-home" "-w" "/opt/rustwide/workdir" "-m" "1610612736" "--user" "0:0" "--network" "none" "rustops/crates-build-env@sha256:d92eaeed33fa75130ca1ee6c8a01d1ffb62bac859dfdfb3450e3e5d1c0146529" "/opt/rustwide/cargo-home/bin/cargo" "+af3c6e733a40e671550e0f0f5aeecaa13772ba56" "metadata" "--no-deps" "--format-version=1", kill_on_drop: false }`
[INFO] [stdout] e599afc6cde4c3707bec04ef3ca1696ef1fe57e6568e84d60a0ab77825825983
[INFO] [stderr] WARNING: Your kernel does not support swap limit capabilities or the cgroup is not mounted. Memory limited without swap.
[INFO] running `Command { std: "docker" "start" "-a" "e599afc6cde4c3707bec04ef3ca1696ef1fe57e6568e84d60a0ab77825825983", kill_on_drop: false }`
[INFO] running `Command { std: "docker" "inspect" "e599afc6cde4c3707bec04ef3ca1696ef1fe57e6568e84d60a0ab77825825983", kill_on_drop: false }`
[INFO] running `Command { std: "docker" "rm" "-f" "e599afc6cde4c3707bec04ef3ca1696ef1fe57e6568e84d60a0ab77825825983", kill_on_drop: false }`
[INFO] [stdout] e599afc6cde4c3707bec04ef3ca1696ef1fe57e6568e84d60a0ab77825825983
[INFO] running `Command { std: "docker" "create" "-v" "/var/lib/crater-agent-workspace/builds/worker-3/target:/opt/rustwide/target:rw,Z" "-v" "/var/lib/crater-agent-workspace/builds/worker-3/source:/opt/rustwide/workdir:ro,Z" "-v" "/var/lib/crater-agent-workspace/cargo-home:/opt/rustwide/cargo-home:ro,Z" "-v" "/var/lib/crater-agent-workspace/rustup-home:/opt/rustwide/rustup-home:ro,Z" "-e" "SOURCE_DIR=/opt/rustwide/workdir" "-e" "CARGO_TARGET_DIR=/opt/rustwide/target" "-e" "CARGO_INCREMENTAL=0" "-e" "RUST_BACKTRACE=full" "-e" "RUSTFLAGS=--cap-lints=forbid" "-e" "CARGO_HOME=/opt/rustwide/cargo-home" "-e" "RUSTUP_HOME=/opt/rustwide/rustup-home" "-w" "/opt/rustwide/workdir" "-m" "1610612736" "--user" "0:0" "--network" "none" "rustops/crates-build-env@sha256:d92eaeed33fa75130ca1ee6c8a01d1ffb62bac859dfdfb3450e3e5d1c0146529" "/opt/rustwide/cargo-home/bin/cargo" "+af3c6e733a40e671550e0f0f5aeecaa13772ba56" "check" "--frozen" "--all" "--all-targets" "--message-format=json", kill_on_drop: false }`
[INFO] [stdout] db3f35d8f69762f6345b61965c21e5e9da441c44113b7974a155d2bf1b1f859c
[INFO] [stderr] WARNING: Your kernel does not support swap limit capabilities or the cgroup is not mounted. Memory limited without swap.
[INFO] running `Command { std: "docker" "start" "-a" "db3f35d8f69762f6345b61965c21e5e9da441c44113b7974a155d2bf1b1f859c", kill_on_drop: false }`
[INFO] [stderr] warning: dependency (clap_conf) specified without providing a local path, Git repository, or version to use. This will be considered an error in future versions
[INFO] [stderr] warning: dependency (mksvg) specified without providing a local path, Git repository, or version to use. This will be considered an error in future versions
[INFO] [stderr]    Compiling autocfg v1.0.1
[INFO] [stderr]    Compiling libc v0.2.77
[INFO] [stderr]    Compiling proc-macro2 v1.0.21
[INFO] [stderr]    Compiling unicode-xid v0.2.1
[INFO] [stderr]     Checking rustc-serialize v0.3.24
[INFO] [stderr]    Compiling anyhow v1.0.32
[INFO] [stderr]    Compiling serde v1.0.116
[INFO] [stderr]    Compiling bitflags v1.2.1
[INFO] [stderr]     Checking unicode-width v0.1.8
[INFO] [stderr]     Checking ansi_term v0.11.0
[INFO] [stderr]     Checking strsim v0.8.0
[INFO] [stderr]     Checking vec_map v0.8.2
[INFO] [stderr]     Checking textwrap v0.11.0
[INFO] [stderr]    Compiling num-traits v0.2.12
[INFO] [stderr]    Compiling num-integer v0.1.43
[INFO] [stderr]    Compiling num-iter v0.1.41
[INFO] [stderr]    Compiling quote v1.0.7
[INFO] [stderr]    Compiling syn v1.0.41
[INFO] [stderr]     Checking rand v0.4.6
[INFO] [stderr]     Checking atty v0.2.14
[INFO] [stderr]     Checking clap v2.33.3
[INFO] [stderr]     Checking num-bigint v0.1.44
[INFO] [stderr]     Checking num-complex v0.1.43
[INFO] [stderr]     Checking num-rational v0.1.42
[INFO] [stderr]     Checking num v0.1.42
[INFO] [stderr]    Compiling thiserror-impl v1.0.20
[INFO] [stderr]    Compiling serde_derive v1.0.116
[INFO] [stderr]     Checking toml v0.5.6
[INFO] [stderr]     Checking thiserror v1.0.20
[INFO] [stderr]     Checking clap_conf v0.1.5
[INFO] [stderr]     Checking mksvg v0.3.0
[INFO] [stderr]     Checking shogi_cards v0.1.0 (/opt/rustwide/workdir)
[INFO] [stdout] error[E0405]: cannot find trait `Card` in crate `mksvg`
[INFO] [stdout]   --> src/main.rs:34:17
[INFO] [stdout]    |
[INFO] [stdout] 34 | impl<'a> mksvg::Card<f64> for AnimalCard<'a> {
[INFO] [stdout]    |                 ^^^^ not found in `mksvg`
[INFO] [stdout] 
[INFO] [stdout] 
[INFO] [stdout] error[E0425]: cannot find function `pages_a4` in module `mksvg::page`
[INFO] [stdout]    --> src/main.rs:153:31
[INFO] [stdout]     |
[INFO] [stdout] 153 |     let f_locs = mksvg::page::pages_a4(f_base, 5, 7, &fronts).expect("Could not write files");
[INFO] [stdout]     |                               ^^^^^^^^ not found in `mksvg::page`
[INFO] [stdout] 
[INFO] [stdout] 
[INFO] [stdout] error[E0425]: cannot find function `pages_a4` in module `mksvg::page`
[INFO] [stdout]    --> src/main.rs:154:31
[INFO] [stdout]     |
[INFO] [stdout] 154 |     let b_locs = mksvg::page::pages_a4(b_base, 5, 7, &backs).expect("Could not write backs");
[INFO] [stdout]     |                               ^^^^^^^^ not found in `mksvg::page`
[INFO] [stdout] 
[INFO] [stdout] 
[INFO] [stdout] error: aborting due to 3 previous errors
[INFO] [stdout] 
[INFO] [stdout] 
[INFO] [stdout] Some errors have detailed explanations: E0405, E0425.
[INFO] [stdout] 
[INFO] [stdout] For more information about an error, try `rustc --explain E0405`.
[INFO] [stdout] 
[INFO] [stderr] error: could not compile `shogi_cards`.
[INFO] [stderr] 
[INFO] [stderr] To learn more, run the command again with --verbose.
[INFO] [stderr] warning: build failed, waiting for other jobs to finish...
[INFO] [stdout] error[E0405]: cannot find trait `Card` in crate `mksvg`
[INFO] [stdout]   --> src/main.rs:34:17
[INFO] [stdout]    |
[INFO] [stdout] 34 | impl<'a> mksvg::Card<f64> for AnimalCard<'a> {
[INFO] [stdout]    |                 ^^^^ not found in `mksvg`
[INFO] [stdout] 
[INFO] [stdout] 
[INFO] [stdout] error[E0425]: cannot find function `pages_a4` in module `mksvg::page`
[INFO] [stdout]    --> src/main.rs:153:31
[INFO] [stdout]     |
[INFO] [stdout] 153 |     let f_locs = mksvg::page::pages_a4(f_base, 5, 7, &fronts).expect("Could not write files");
[INFO] [stdout]     |                               ^^^^^^^^ not found in `mksvg::page`
[INFO] [stdout] 
[INFO] [stdout] 
[INFO] [stdout] error[E0425]: cannot find function `pages_a4` in module `mksvg::page`
[INFO] [stdout]    --> src/main.rs:154:31
[INFO] [stdout]     |
[INFO] [stdout] 154 |     let b_locs = mksvg::page::pages_a4(b_base, 5, 7, &backs).expect("Could not write backs");
[INFO] [stdout]     |                               ^^^^^^^^ not found in `mksvg::page`
[INFO] [stdout] 
[INFO] [stdout] 
[INFO] [stdout] error: aborting due to 3 previous errors
[INFO] [stdout] 
[INFO] [stdout] 
[INFO] [stdout] Some errors have detailed explanations: E0405, E0425.
[INFO] [stdout] 
[INFO] [stdout] For more information about an error, try `rustc --explain E0405`.
[INFO] [stdout] 
[INFO] [stderr] error: build failed
[INFO] running `Command { std: "docker" "inspect" "db3f35d8f69762f6345b61965c21e5e9da441c44113b7974a155d2bf1b1f859c", kill_on_drop: false }`
[INFO] running `Command { std: "docker" "rm" "-f" "db3f35d8f69762f6345b61965c21e5e9da441c44113b7974a155d2bf1b1f859c", kill_on_drop: false }`
[INFO] [stdout] db3f35d8f69762f6345b61965c21e5e9da441c44113b7974a155d2bf1b1f859c
